rivative of -f**3/3 - 4*f**2 - 3*f + 4. List the prime factors of h(-3).
2, 3
Suppose 10*q = 5*q + 95. List the prime factors of q.
19
Let t(h) = 5*h**2 - h. Let n be t(1). Suppose f = -0*f - n. List the prime factors of (-47)/(-3) + f/6.
3, 5
Suppose -2*g = -10 + 38. Let b = g - -22. What are the prime factors of b?
2
Let c(z) = -9*z**2 + 10*z**2 - z**3 - 4*z - 3 + 5*z**2. Let h be c(5). Suppose g = 13 + h. List the prime factors of g.
3, 5
Let f = 5 + -1. Suppose 0*s = 4*o - f*s - 44, o = -3*s + 11. List the prime factors of o.
11
Let g be 5 + (-1 - -1) + -3. List the prime factors of g/9 - (-496)/36.
2, 7
Suppose 0 = 2*k, 3*r - 2*k - 92 = 13. List the prime factors of r.
5, 7
Let y(f) = 4*f**2 - 3*f + 2. List the prime factors of y(-4).
2, 3, 13
Let b(q) = -3*q + 6. Let i be b(4). What are the prime factors of (-2)/i*3*26?
2, 13
Suppose -13 = m - 5*a, 17 + 10 = 5*m - 2*a. List the prime factors of m.
7
Let g(i) = -2 - i + 5 + 2. Let x be g(7). What are the prime factors of (-23)/x - (-4)/8?
2, 3
Let q be 1/(-2)*(-12)/3. Suppose -5*a + 355 = q*f + 3*f, a = -5*f + 59. Let r = a - 52. What are the prime factors of r?
2, 11
Let i = -22 - -83. What are the prime factors of i?
61
Let m be (-2)/6 - 35/(-15). Suppose -z + 4 = -m. Suppose -2*l = -z*l, -5*l + 17 = r. What are the prime factors of r?
17
Let x = 11 + -11. Let c be (-138)/(-4) + (-3)/6. Suppose -4*o = -5*g - 55, x = -4*o + 4*g - 6*g + c. List the prime factors of o.
2, 5
Let o(b) = -5*b - 2. Let t be o(2). What are the prime factors of 2/(-6) - 88/t?
7
Let v = 35 - 15. Let h = v + -10. Suppose -n = -2 - h. List the prime factors of n.
2, 3
Let r be (3 - -2) + (-6)/6. Let o = r + 9. What are the prime factors of o?
13
Let g = 31 - -13. Let v(o) = -3*o - 2. Let a be v(-2). Suppose a*s + 12 - g = 0. What are the prime factors of s?
2
Let q(z) = 4*z**2 + 24*z + 23. List the prime factors of q(-11).
3
Let j = 12 + -7. Suppose -j*u + y = -105, 0*u - 2*y = 5*u - 105. What are the prime factors of u?
3, 7
Let m(q) = 4*q. Suppose 3*p = 12 + 9. Let g = p + -4. List the prime factors of m(g).
2, 3
List the prime factors of (-2)/4 + 420/40.
2, 5
Let j be (-1)/(2*(-3)/(-18)). What are the prime factors of (1 - 2)*j/1?
3
Suppose -31 = -d - 6. Let c = d + 6. What are the prime factors of c?
31
Let z = -19 + 11. Let b = 1 - z. List the prime factors of b.
3
Let v be 2/6 - (-7)/(-3). Let p = v - -17. Suppose 2*j - p = 1. What are the prime factors of j?
2
Let i = 275 + -130. List the prime factors of i.
5, 29
Let o(j) be the second derivative of 0 + 3*j + 1/12*j**4 - j**2 - 1/2*j**3. List the prime factors of o(6).
2
Suppose g - 3*g + 2*j = -180, 2*g - 145 = -5*j. What are the prime factors of g?
5, 17
Let w = 93 - 54. List the prime factors of w.
3, 13
Let q = 9 - 9. Suppose u + 2*u + 12 = q, -2*u - 184 = -4*v. Suppose s + v + 1 = 3*p, 5*s - 15 = 0. List the prime factors of p.
2
Suppose 4*n - 160 = -5*p, -5*n = -4*p - 0*p - 241. List the prime factors of n.
3, 5
Suppose -3*k + 5*k + 2 = 0. What are the prime factors of k*(-12 + (-4 - -3))?
13
Let d(r) = -2*r - 1. Suppose -5*q + 4 - 9 = 5*t, 0 = 2*t - 2*q + 14. List the prime factors of d(t).
7
Let b = -29 + 21. Let j be (2 - 24)/(-5 + 3). Let w = j + b. What are the prime factors of w?
3
Let h(k) = -8*k - 6. Let d be h(-4). Suppose -f - d = -2*g - 6*f, 5*g = 3*f + 3. Let l = 8 - g. List the prime factors of l.
5
Suppose 2*p + 4 = -5*c - 11, 4*p + 15 = -5*c. Let z be (1 + 15/(-9))*-3. Let u = z - p. List the prime factors of u.
2
Suppose q - 6*q + 270 = 0. What are the prime factors of 3 - q/(-1 + -2)?
3, 7
Let k = 39 - 12. List the prime factors of k.
3
Let j = -35 - -119. List the prime factors of j.
2, 3, 7
What are the prime factors of (0 + 24)/((-30)/(-105))?
2, 3, 7
Let j = 195 - 86. List the prime factors of j.
109
Let y = 5 + 0. What are the prime factors of y?
5
Let o = 10 + -8. Suppose 7 = 5*n - 4*n + o*i, -5*n - 4*i + 23 = 0. Suppose -60 = -4*p - 5*y, 8*y - n*y = 4*p - 100. List the prime factors of p.
2, 5
Let q = -11 - -23. Let l be 4/6 - 908/q. List the prime factors of l/(-12) + 3/(-12).
2, 3
Let q be (28/21)/((-4)/(-6)). Let s = q - 0. What are the prime factors of s?
2
Suppose 72*y - 76*y + 948 = 0. What are the prime factors of y?
3, 79
Suppose -3*f + 5 = -7, 5*f + 56 = 4*u. What are the prime factors of u?
19
Suppose 5*x - 20 - 730 = 0. What are the prime factors of x?
2, 3, 5
Let s = -63 - -102. What are the prime factors of s?
3, 13
Let c be (-94)/(-18) + 8/(-36). Suppose -4*a = -6*l + c*l - 65, -l = 4*a - 55. List the prime factors of a.
3, 5
Let u be ((-3)/(-2))/(15/20). Suppose -3*q = 4*g + 7, -g - 21 = -3*q + u*g. List the prime factors of (-4)/(-12) - (-59)/q.
2, 5
What are the prime factors of ((-10)/(-25))/((-2)/(-120)) + -1?
23
Let k(u) = 2*u + 7. Let n(o) = o - 2. Let p be n(7). What are the prime factors of k(p)?
17
Suppose 215 = 5*d - 2*y, 2*d + 3*d + 2*y - 215 = 0. Suppose b = -4*x + d, -2*b + 65 - 15 = 5*x. What are the prime factors of x?
2, 3
Suppose a = -n - 3*a + 15, 5*a - 5 = 0. Let r = n + -8. What are the prime factors of r?
3
Let y be 3 - 0 - (2 - -3). What are the prime factors of y*(81/(-6) - -1)?
5
Let v be (-232)/(-12)*6/(-4). Let h = 48 + v. Suppose -5*k = -36 - h. List the prime factors of k.
11
Let q(o) = o + 3. Let x be q(0). Let r be 1*6 - (x - 2). Let u = r + 0. What are the prime factors of u?
5
Suppose 5*z - 2*h - 18 = -4*h, z + 18 = 5*h. Let m be (0/(-2))/(2/2). Suppose m = g - 6 + z. What are the prime factors of g?
2
Suppose 2*f = 4*f - 126. List the prime factors of f.
3, 7
Let y(s) = 2*s**3 - 8*s**2 + 4*s - 2. What are the prime factors of y(5)?
2, 17
Suppose 0 = -3*y + 40 + 11. List the prime factors of y.
17
What are the prime factors of -1 - (-167 - 0) - -1?
167
Let h be (16/5)/((-5)/(-25)). Suppose 2*y - h = -2*y. What are the prime factors of (-2)/(-8) + 31/y?
2
Let s = -5 - -7. Let r be 1 + 0 - (s - -1). List the prime factors of 10*((-7)/r - 2).
3, 5
Suppose 2*v - 3*o - 210 = 0, 2*v + 5*o - o - 196 = 0. What are the prime factors of v?
2, 3, 17
Suppose 0 = 12*f - 1681 + 529. What are the prime factors of f?
2, 3
List the prime factors of (2 - (5 - 2))/((-1)/68).
2, 17
Suppose 5*n - 3*n = -10. Let w(g) = -g**2 - 6*g + 2. List the prime factors of w(n).
7
Let b = 711 + 450. Suppose -4*w = 5*x + b, x - 2*x = -3*w - 847. List the prime factors of 4/18 - w/18.
2
Suppose 4*p + 56 = 4*x, p - 2 = -6. What are the prime factors of x?
2, 5
Let j(b) = -b**3 + 6*b**2 + 4*b - 9. What are the prime factors of j(6)?
3, 5
Suppose -6 = -2*s, -s + 62 = -4*f - 97. Let l = 55 + f. What are the prime factors of l?
2
Let z(m) = 28*m**2 + 5*m + 1. List the prime factors of z(-2).
103
Let b be (-13)/(-3) + 2/3. Suppose -b*j - 60 = -10*j. Suppose 2*p + k - j = 0, -5*p + 32 = 5*k + 2. List the prime factors of p.
2, 3
Let m(d) = -d**3 + d**2 + d + 27. Let u(p) = p**3 - 7*p**2 + 5*p + 6. Let j be u(6). What are the prime factors of m(j)?
3
Let r = -18 - -15. What are the prime factors of (-75)/(-6) - r/6?
13
Suppose -500 = 216*v - 221*v. List the prime factors of v.
2, 5
Let m = -22 + 44. Suppose -3*t + 3*l - 54 = 0, t - 3*l = -3*t - 67. Let x = t + m. What are the prime factors of x?
3
List the prime factors of (-4)/10 + 1773/45.
3, 13
Let n = 15 + 31. What are the prime factors of n?
2, 23
Suppose 2*g - 738 = -g. What are the prime factors of g?
2, 3, 41
List the prime factors of -1 + (6 - 6 - (-142)/2).
2, 5, 7
Let v = 3 + 8. Let b = v - 4. List the prime factors of (-4)/14 + 79/b.
11
Suppose -20 = 5*y - y. Let s = y + 21. Let a = 2 + s. What are the prime factors of a?
2, 3
Let i be ((-3)/(-3))/(1/2). Suppose i*d = d. Suppose 3*n = 2*t - 19, -3*n = -t - d*n + 11. List the prime factors of t.
2
Let y(s) = -s**3 + 4*s**2 + s. Let x be y(4). Suppose 2*j - 58 = -x*k - 0*j, 1 = -j. List the prime factors of k.
3, 5
Suppose 0 = -4*q + 5*v - 0*v - 28, 10 = -3*q + v. Let z = 6 + q. What are the prime factors of z?
2
Let s(j) = 2*j**3 + j**2 + j - 1. Let y be (-164)/8 - 1/2. Let l be (-6)/8 + y/(-12). What are the prime factors of s(l)?
3
Let k(l) = 13*l**3 - 5*l**2 - 3*l + 1. Let h(o) = o**3 + o**2 + o. Let d = 0 + 1. Let x(a) = d*k(a) + 3*h(a). What are the prime factors of x(1)?
3, 5
Let z(t) = -11*t - 24. List